est common divisor of 20 and d.
10
Let n be (-3)/(-1) + (7 - -12). What is the highest common divisor of n and 176?
22
Suppose 0*m + 4*m - 108 = 0. Calculate the greatest common divisor of 9 and m.
9
Suppose -3*r = -4*d + 31, -4*r + 1 = d + 17. Let m be (-2)/r*(8 + 2). What is the greatest common divisor of m and 20?
4
Let m be 851/3 - 1/(-3). Suppose 6*q + 4 = 4*q, 2*q + m = 2*c. What is the greatest common divisor of 20 and c?
20
Let l be -66*-1*(-2)/(-6). Let q be 524/22 - (-4)/l. What is the greatest common factor of 8 and q?
8
Let t = -42 + 46. What is the greatest common divisor of t and 28?
4
Suppose 3*h + 7*b = 3*b + 130, h = -4*b + 30. Suppose -67 = -5*c + 33. Calculate the highest common divisor of c and h.
10
Let u(h) = -2*h + 94*h**3 - 3 + 6 - 2 - 2. Let j be u(-1). Let m be j/(-6) - (-1)/2. What is the greatest common factor of 128 and m?
16
Let f = -7 - -30. Suppose -3*n = -3*r + 30, -2*r + n - 7 + f = 0. Let z be (42/4)/(r/64). What is the greatest common factor of 16 and z?
16
Let o(s) = -16*s - 5. Let r be o(-6). Let y be (-2)/(-7) + 178/14. Calculate the highest common factor of r and y.
13
Let y = 611 + -416. Calculate the greatest common divisor of 78 and y.
39
Let u(p) = -p**2 + 13*p - 19. Let y be u(9). Calculate the highest common factor of y and 68.
17
Let h(d) = -d**2 + 8*d. Let o be h(6). Let w be 256/14 + (-2)/7. Let t = w - o. What is the greatest common factor of t and 66?
6
Let a(r) = r**2 - 2*r - 54. Let g be a(-8). What is the greatest common factor of 182 and g?
26
Suppose -y + 43 = -13. Let d be 1 + 37/6 + (-2)/12. Calculate the greatest common factor of y and d.
7
Suppose 0 = -4*l - 4*m + 181 + 19, l - 53 = -4*m. What is the highest common divisor of l and 7?
7
Let v(p) = -p**3 - 5*p**2 + 7*p - 5. Let m be v(-6). Let u be 2/6*(1 - m). What is the greatest common factor of 44 and u?
4
Suppose 5*k + 4*g - 65 = 0, -3*k - g = -0*g - 32. Calculate the highest common factor of 18 and k.
9
Let p(g) = -3*g - 10. Let x be p(-7). What is the greatest common divisor of x and 99?
11
Suppose 3*q + u - 4 = 0, 1 - 7 = -2*q + u. Let o(p) = p**2 + 5*p + 2. Let y be o(-6). Suppose 0 - y = -4*c. Calculate the greatest common factor of c and q.
2
Let f = 67 + -32. Suppose 0 = -3*p + 2*p + f. Let y(b) = -3*b - 1. Let t be y(-5). Calculate the highest common factor of p and t.
7
Suppose 4 - 22 = 2*k. Let y be (k/4)/((-2)/16). Let w = 30 - y. Calculate the greatest common divisor of 36 and w.
12
Let y(w) = -w**2 - 2*w + 3. Let m be y(2). Let j = m - -8. Suppose -3 = j*z - 123. Calculate the greatest common divisor of z and 5.
5
Let v be -18*(-5)/((-10)/(-4)). What is the greatest common divisor of 9 and v?
9
Suppose -5*m - 23 = -5*l - 8, 0 = l - 5. Suppose 2 = -3*c + 17. What is the highest common factor of m and c?
1
Suppose 0*o + 2*o = 0. Suppose -4*s + 11 + 9 = o. Calculate the greatest common factor of s and 5.
5
Let q = -176 - -319. Suppose 0 = -2*v - 5*c - 51, 4*v - 2*c = -65 + 23. Let u be v*(-2)/(-4)*-2. What is the highest common divisor of u and q?
13
Suppose -6*y + 9*y = 105. Calculate the greatest common divisor of y and 14.
7
Let w(q) = 7*q - 15. Let s be w(10). Let f(y) = 4*y - 3. Let u be f(2). What is the highest common divisor of u and s?
5
Suppose -16 + 3 = -s. What is the greatest common factor of s and 104?
13
Suppose 9*c - 10 = 80. What is the highest common factor of 25 and c?
5
Suppose -4*z + 150 = -z. Calculate the greatest common factor of 10 and z.
10
Let c(d) = -4*d - 4. Let f be c(-2). Let y(x) = 3*x**2 - 4*x - 2. Let b be y(f). What is the highest common divisor of 20 and b?
10
Let b(v) = -v**3 - 5*v**2 + 2*v - 2. Let m be 4/4*(-8 + 2). Let z be b(m). Let c(n) = 3*n - 1. Let u be c(1). What is the highest common divisor of u and z?
2
Let m(u) = -3*u - 3. Let h be m(-4). Let v be 57/5 - h/(-15). What is the greatest common divisor of v and 12?
12
Let k be 6*(-228)/(-27)*3. Suppose -5*r + 97 = -q, 3*r = -0*q - 3*q + 51. Calculate the highest common divisor of k and r.
19
Suppose 4*o - 92 = -2*l, o - 31 = 2*l - 3. Suppose -4*v = 2*q - 18, 0 = -2*v + 7 - 1. Let n be (1 + -3)*q/(-2). What is the greatest common divisor of o and n?
3
Suppose 29*k - 280 = 27*k. Calculate the greatest common divisor of k and 20.
20
Let k = 176 - 122. Suppose u = 6 - 2. Suppose -4*x - 50 = -5*g, 2*g - 6 + u = -2*x. Calculate the highest common divisor of k and g.
6
Let w be (-3)/4 - 2264/(-32). Suppose 0*d + 6 = 2*d. Suppose -d*t + 40 = t. What is the highest common divisor of t and w?
10
Suppose 0 = -4*q, -x = -3*q - 137 + 37. What is the greatest common factor of x and 20?
20
Let k be (-1)/((-1)/56) - (12 - 12). Calculate the highest common divisor of 8 and k.
8
Let d(b) = 2*b + 1. Let p be d(1). What is the greatest common factor of 12 and p?
3
Let s(n) = 5 + 5*n**2 - n - 3*n - 3. Let t be s(2). Suppose -4*d + 7 = -a + 1, 0 = 4*d - 20. What is the greatest common divisor of a and t?
14
Suppose 0 = 4*j + 4*w - 52, -w = -0*j - 5*j + 77. Calculate the greatest common divisor of j and 5.
5
Let d(f) = f**2 + 8*f - 6. Let u be d(-8). Let k be (-20)/u*36/15. Calculate the highest common factor of 72 and k.
8
Let g(m) = -m + 42. Let w be g(0). Suppose r - w = -0*r. What is the greatest common divisor of r and 28?
14
Suppose -2*m + 2 = -m. Let w be m/4 + 17/2. Calculate the greatest common divisor of w and 9.
9
Let h = 100 - 92. What is the greatest common factor of 40 and h?
8
Suppose -2*m - 5 = -1. Let a be (73 - 2) + m/(-2). Suppose 0*n - a = -4*n. Calculate the highest common divisor of n and 6.
6
Let f(x) = -x**3 - 7*x**2 - 7*x - 1. Let s be f(-6). Let q = 136 - 91. Suppose 0 = -s*b + q. What is the highest common factor of 27 and b?
9
Let g be 13*1 + -2 + 1. Suppose 2*i + 6 = 0, 0 = 2*l - 3*l + 4*i + g. Suppose l = -3*h + 42 + 90. Calculate the greatest common factor of h and 4.
4
Let k = 139 + -124. Calculate the highest common divisor of k and 10.
5
Let r be 4/(-10) - 198/(-45). Suppose 2*q - r = 18. Let s be (-55*1)/(-1 + 0). Calculate the highest common factor of q and s.
11
Let v(r) = 3*r**2 + 9*r. Let o be v(8). What is the highest common divisor of o and 24?
24
Let l be 1 - 0 - (1 + 12). Let u = 22 + l. Calculate the highest common divisor of 15 and u.
5
Let q(n) = -n**2 - 15*n + 2. Let l be q(-15). What is the highest common factor of 6 and l?
2
Let z(k) = -8*k**2 - k - 1. Let n be z(-1). Let y be (n/6)/(2/(-366)). Let m = y + -174. Calculate the highest common factor of 14 and m.
14
Let m be 16/(-24) - (-268)/6. Suppose 0 = -4*o - 5*d - 3 + 2, 0 = -4*o + 4*d + m. What is the highest common divisor of 66 and o?
6
Let r = -9 - -29. Let s be 18/(-27) - r/(-3). Suppose 2*f = 3*o + 96, -4*f + 62 = -5*o - 130. What is the greatest common divisor of s and f?
6
Let j be 15/(-3) + -1 + 3. Let k(g) = -g**2 - 3*g. Let p be k(j). Suppose p*t - t = -45. Calculate the highest common factor of t and 9.
9
Let m(p) = 5*p**2 - 10*p + 7. Let v(y) = -6*y**2 + 10*y - 8. Let q(o) = 7*m(o) + 6*v(o). Let c be q(-9). What is the highest common divisor of 40 and c?
10
Let n(k) = k**2 + 10*k - 3. Let b be n(5). What is the greatest common factor of b and 9?
9
Suppose 0 = 54*y - 57*y + 90. Calculate the highest common factor of y and 50.
10
Let u = 62 - 6. Let r(o) = 3*o**3 + o**2 + o - 1. Let h be r(1). Suppose -u + 16 = -h*f. Calculate the highest common divisor of 10 and f.
10
Let s = -16 - -26. Let f = 34 - 32. What is the greatest common factor of s and f?
2
Let v(u) = 3*u - 11. Let a be v(6). Calculate the highest common divisor of a and 49.
7
Suppose 0 = -0*n - 2*n + 204. Calculate the greatest common factor of n and 68.
34
Let h be (0 + -2)/(4/(-8)). Let l be 662/3 - h/6. Suppose -g + l = 3*g. Calculate the greatest common divisor of 22 and g.
11
Let h = -20 - -22. Let n(c) = -c**2 + 2*c + 1. Let w be n(2). Calculate the greatest common factor of h and w.
1
Let x(y) = y**2 - 14*y + 30. Let h be x(12). What is the highest common divisor of h and 10?
2
Let q = 0 - -8. Let a(t) = t**3 + 10*t**2 + 4*t - 8. Let c be a(-8). What is the highest common divisor of c and q?
8
Suppose 5*q - 34 = -9. Let f be (-1 - -2) + 20 + -1. Calculate the highest common factor of f and q.
5
Let o = 10 + -4. Suppose -5*r = 3*j - 32, -5*r = j + 4 - 18. Calcula